-10
0
(4 - 1) + -6 + (3 - 0)
0
What is the value of -8 - (-4 + -6 + 4)?
-2
What is 3 + -7 + 3 + 2?
1
0 + 0 + 1 + 1 - 5
-3
Calculate 5 - (2 + 2 - 3).
4
Calculate -2 + 2 + (10 - (3 + 3)).
4
(0 + 2 - 1) + -1 - 5
-5
Calculate 2 - (1 + -5 + -2).
8
What is the value of (-8 - -4 - 0) + 7?
3
Evaluate 3 - (-6 - -8) - 4.
-3
(3 - 3 - 5) + -3
-8
What is -3 - 0 - (6 - 4 - 6)?
1
Evaluate (-2 - (1 + -2)) + -4 + 1.
-4
What is 0 - (-3 - (-1 - 1)) - 0?
1
-6 - 1 - (29 + -32)
-4
Calculate 5 + -7 + 12 + -12.
-2
What is -1 + 3 + (-1 - (-6 + 2))?
5
What is the value of -14 + 15 - (-1 + -2)?
4
2 + -1 + 2 + 4 + -7
0
1 + 3 - ((-4 - -5) + -2)
5
Calculate -9 + -2 + 9 + 2.
0
Evaluate -1 + 4 + (3 - (6 - -5)).
-5
(1 - (-4 + 5 - 4)) + -1
3
2 + (7 + 0 - 9)
0
Calculate (4 - 0) + 9 + -10.
3
What is the value of 1 - (-4 - -6) - (4 + 0)?
-5
Evaluate (9 - 9) + 5 + 0 + -1.
4
1 + 2 + 3 + -1 - 4
1
Evaluate 0 + 4 + -1 + -7 + -1.
-5
-6 + (-10 - (-6 - 10))
0
What is the value of -2 - (4 + -3 + -3)?
0
What is 4 + 1 + -1 + -5 - -4?
3
What is (1 + -5 - (23 - 31)) + -4?
0
What is the value of 2 + -5 + (-2 - -2)?
-3
Calculate 4 - (0 - -4 - (2 - 0)).
2
-3 - (-3 + (8 - 4))
-4
2 - (3 + (2 - 3))
0
-2 - (1 + 1 + -3 + 2)
-3
What is the value of -5 + -1 + 2 + 4?
0
Calculate -1 - -2 - (13 - 10).
-2
Calculate (-2 - (-2 - (1 + 2))) + -2.
1
What is the value of 3 - (-1 - 0) - (9 + -8)?
3
Evaluate 10 + (-15 - -1 - -8).
4
What is -1 + -5 - -4 - (16 - 12)?
-6
What is the value of 3 + -3 - (2 - -3)?
-5
What is -8 + -2 + 1 + 19 + -12?
-2
Evaluate (-11 - -7) + -9 + 6.
-7
Calculate -1 - 4 - (-1 - -3).
-7
What is 7 + (-7 + 9 - 7) + -4?
-2
-1 + -2 - -5 - (0 - -2)
0
What is (-3 - (-3 - -1)) + 6 - 10?
-5
Evaluate -4 + 2 - (6 + -9) - 2.
-1
What is the value of 2 - (-3 - -11 - 1)?
-5
What is the value of -11 + (-6 + 7 - -4) - -6?
0
6 - (2 + -6 - -12 - 3)
1
Evaluate (-6 - 0 - -14) + -9.
-1
What is (-6 - (4 + -5) - -4) + -1?
-2
What is 3 + -3 + 2 + -10?
-8
Evaluate 8 + -12 - (1 - (3 - 2)).
-4
386 + -385 - (0 + 1 + -3)
3
Calculate 5 + (74 - 70 - (4 - 1)).
6
Calculate (3 - 6 - -3) + -1 + 1.
0
What is (6 - -4) + -23 + 21?
8
What is the value of 9 + -5 + (0 - (8 - 5))?
1
Evaluate 1 - 2 - (1 - -4).
-6
What is the value of -7 + (2 - (0 + 2)) + 3?
-4
Evaluate 8 + -3 + -1 + -7.
-3
6 - 6 - -1 - 5
-4
What is 2 + 0 + -7 + 6 - -3?
4
What is the value of (3 - (15 + -3 - 4)) + 0?
-5
What is the value of (2 - -8) + 0 + -2 - 3?
5
Evaluate -5 - (2 + -4 + -3).
0
Evaluate 9 + -10 - (-10 + 19).
-10
What is 5 - (-7 - (-2 - 1) - -8)?
1
What is -19 - -16 - (1 - 3 - 4)?
3
-8 - (-4 + -15 + 8)
3
Calculate 6 - (-7 - -13 - 3).
3
4 - 7 - -4 - 7
-6
What is -4 + (-3 - -4) - (25 - 30)?
2
What is -1 + -3 + 1 - (-3 + 0)?
0
Calculate (-4 - (9 + -5 + -1)) + 3.
-4
What is the value of 1 + -1 - (-11 - -9)?
2
What is the value of 1 - 1 - (-5 - 0)?
5
Evaluate -7 + 1 - (96 - 100).
-2
Calculate -3 + (-1 - 4) + 4.
-4
What is 3 + (-6 - 1) + 0?
-4
4 + -2 + -5 - -1
-2
Calculate -2 - (-21 + 21 - (1 - -2)).
1
(-18 - (1 - (10 + -6))) + 5
-10
What is -4 - (-11 - -6 - -1)?
0
Calculate 1 + -14 + -2 + 11.
-4
(3 - 12) + 5 - -13
9
Calculate 0 + -7 + 4 + 2 + 1.
0
What is (6 - (16 + -6)) + (-2 - -4)?
-2
Calculate 1 - 2 - 2 - (3 + -6).
0
What is the value of (-1 - -2) + 0 + 1 - 6?
-4
Calculate 1 + 8 + (-4 - 0).
5
Evaluate (-7 - -3) + (12 - (-6 - -12)).
2
Evaluate 2 + -8 + (5 - (-2 - -5)).
-4
Calculate -1 + (-5 - (-5 - 6)).
5
What is 1 + 1 - (27 - 24)?
-1
Evaluate 4 + (3 - 0) + -10 + 1.
-2
Evaluate (3 - -1 - 5) + 4.
3
3 + 4 + -6 + -4 + 7
4
What is the value of 7 + 6 + -3 + -1 + -4?
5
Calculate -1 + -2 + 1 + -1 + 2.
-1
Evaluate (-9 - -2) + (14 - 6).
1
Calculate -1 + 22 - (133 - 120).
8
What is the value of (-3 - -16) + (-5 - 2)?
6
-42 + 44 + -2 + -7
-7
Evaluate 1 + 3 - (6 - (-2 - -1)).
-3
What is (2 - (3 - -1)) + 2 + -4?
-4
Evaluate -3 - -6 - 2 - (0 - -1).
0
Evaluate (-9 + -12 - -5) + 14.
-2
Calculate 19 + -4 - 3 - 6.
6
What is the value of 5 - (-1 + (8 - 3))?
1
(2 - 1) + -4 + 7 + -1
3
What is 1 + -8 + 3 - -3 - 0?
-1
Evaluate -5 + (-20 - -12) + (2 - -4).
-7
Calculate (3 - (1 + 4)) + 2.
0
Calculate (-42 - -36) + 3 + 9.
6
Calculate (-6 - 1) + 7 - (1 + 1).
-2
1 - -2 - (3 - (6 + -4))
2
9 - (4 + 1 - (-16 + 16))
4
What is 2 + (8 - 16) - -8?
2
Evaluate (4 - (0 + -1)) + (182 - 186).
1
Calculate -8 - -14 - 5 - (-3 + -4).
8
Calculate -9 + 1 + 29 + -25.
-4
2 + (-2 - (-7 - (2 + -3)))
6
What is 8 + (-2 - -3 - 7)?
2
Calculate -1 + -4 + (7 - 3).
-1
Evaluate 1 - (-3 + (3 - 5) - -5).
1
What is -2 + (-4 - (-8 + 6)) + 2?
-2
-6 - (-8 - (-2 - 6))
-6
Calculate -12 - ((-20 - -15) + (1 - -1)).
-9
What is (2 - (-3 + 0)) + 0 + 3?
8
(53 - 56) + (2 - -2)
1
What is the value of (0 - -1) + 3 - (-66 - -72)?
-2
-10 + -2 + -1 + 22
9
Calculate 9 + -8 - -4 - 4.
1
Calculate (-35 - -41) + (-1 - -1).
6
1 - 2 - (7 - 6)
-2
0 - (5 + -3 + -2 + 0)
0
What is 8 + 0 + -5 + -1?
2
Evaluate -3 - (-5 - -1) - (-1 - -2).
0
(-13 - (-15 + -5)) + -15
-8
(3 - -2) + -9 - -2
-2
Calculate -3 + (6 - -1) + -17 + 5.
-8
Calculate (23 - 16) + -8 - (1 - 6).
4
3 + -1 + 9 + -11
0
What is the value of -10 - (-10 - 6) - 10?
-4
Calculate -3 - (-1 + (0 - 8)).
6
-4 - (7 - 5 - 8)
2
4 + (1 - 0 - (-20 - -19))
6
Calculate -1 - (-5 - (4 - (1 - 0))).
7
What is -6 + 3 + 5 - -1?
3
What is the value of 38 + -24 + 0 + -8?
6
What is 1 - -3 - (-1 + 2 - 0)?
3
(0 - (-3 + 0)) + -1
2
What is (19 - 3 - 13) + 1 + -3?
1
Evaluate 7 + 5 + -6 + -7.
-1
-88 - -99 - (-2 + 0 - -4)
9
Evaluate 4 - 7 - -2 - 2.
-3
Calculate 3 + (2 - 1) + 1.
5
What is (7 - 1) + -7 + 5?
4
What is 4 - ((-5 - (-2 - 10)) + -1)?
-2
-20 - ((6 - 6) + -12)
-8
(-39 - -36) + (1 - 2)
-4
Evaluate -57 + 58 - (-2 + (-2 - -5)).
0
Calculate -2 + -5 + 5 + 0.
-2
Calculate 30 - 35 - (-15 + 2).
8
Evaluate 3 - (-5 + 11 - 10 - -1).
6
Evaluate -3 + -1 + 0 + 7 + -2.
1
Calculate -1 + 3 + 11 + -10.
3
What is 10 + -5 + 3 + -13?
-5
What is the value of 1 - ((1 - (-5 + 4)) + 1)?
-2
What is the value of -1 - (2 - (3 - 2))?
-2
What is 3 + 0 - (10 - (5 - 0))?
-2
Calculate 2 - (0 - -2) - 0.
0
What is 4 + -9 + (3 - 4 - -8)?
2
What is -1 - -3 - (-13 - -12)?
3
Evaluate -4 + 1 - (-4 + 0).
1
(12 - 6 - 7) + -4
-5
Evaluate 6 + -7 - (-5 + 0).
4
What is the value of (-1 - 1) + (-6 - -14)?
6
What is 4 + -9 + (-3 - -7)?
-1
What is the value of -1 + 5 + 4 + -3?
5
What is the value of 8 + 2 + 0 + -5?
5
What is -4 - (2 + -8 - -10 - 8)?
0
What is 21 - 12 - 4 - (4 + -2)?
3
Calculate (9 - (8 - 11)) + -9 + 2.
5
-1 + -1 + 4 - -3
5
What is the value of -1 + 0 - (-1 - 4)?
4
Evaluate (-2 - (-7 + 0)) + -5.
0
What is (-4 - (11 + -9)) + 1 + 7?
2
Evaluate (0 + 3 - -2) + -12 + 11.
4
What is the value of -12 + 4 + (3 + 3 - 3)?
-5
What is -4 + 5 + -2 + -4 + 3?
-2
Calculate -5 + (-1 - -1) + -5.
-10
What is 13 - (2 - 0 - -5)?
6
What is the value of (-15 + -1 + 7 - -10) + 5?
6
Evaluate 3 - ((14 - 3) + -3).
-5
1 + -4 + 7 - (5 + -2)
1
5 - 9 - (-2 + -3)
1
What is 0 + -3 + (0 - 0 - 2)?
-5
Calculate 0 + -6 - (3 + -2 + -2).
-5
Calculate 7 + (-5 + 2 - 2).
2
2 - (16 + -5) - 0
-9
What is the value of (-11 - (4 + -9)) + 11?
5
Evaluate -5 - -3 - -8 - (-1 + 4).
3
Calculate 6 + -1 + -6 - -8.
7
What is the value of -3 - -6 - (1 - -2)?
0
Evaluate -94 - -93 - (4 + 0).
-5
What is 2 - (3 + -7 + 2)?
4
Evaluate 7 + -9 + (2 - 7).
-7
(-3 - 2) + 5 + -5
-5
What is the value of (3 - (-1 + 1)) + (-10 - -11)?
4
What is the value of 19 + -15 - (-1 + 1 + 5)?
-1
What is the value of 22 + (5 - 12 - 5)?
10
What is -6 + -1 + 3 + (0 - 1)?
-5
What is the value of 3 + (9 - 7) + (-7 - -3)?
1
-1 + 8 - (7 - -18 - 21)
3
-2 - -3 - 5 - -4
0
What is 2 - -6 - (3 + -6 + 5)?
6
What is the value of -4 + (0 - -1 - (13 - 13))?
-3
What is -4 + (10 - 6 - (5 + 2))?
-7
What is the value of (-16 - -9) + 5 + -2 - -12?
8
Evaluate -1 - (-1 + (0 - -4) - 6).
2
3 - 3 - (2 - 7 - 1)
6
What is the value of 0 + -4 + 5 + -4 + 0?
-3
-6 - (6 + -11 + -4 - -5)
-2
What is -1 + 6 - (12 + -3)?
-4
What is the value of -15 - ((3 - 13) + 1)?
-6
What is the value of 7 - (3 + -4 - -4)?
4
2 + 1 + (2 - (5 + 2))
-2
-1 - (1 - 1 - (5 - 3))
1
Evaluate -3 + 1 + -1 + -3.
-6
What is the value of -1 - (-5 - -1 - 0 - -2)?
1
Calculate -5 + (3 + 1 - 6).
-7
What is 11 - (-7 + 16) - 6?
-4
Calculate (-1 - 7) + (-9 - -7 - -6).
-4
0 - (3 + -1 + -4)
2
7 - 3 - (1 + 0)
3
Evaluate -1 + -10 + (31 - 23).
-3
Calculate -5 + (-3 - -1 - (1 + -5)).
-3
Eval